{"id":976,"date":"2013-01-24T20:41:47","date_gmt":"2013-01-24T20:41:47","guid":{"rendered":"http:\/\/stopconstructionfalls.com\/?page_id=976"},"modified":"2023-03-27T08:51:01","modified_gmt":"2023-03-27T08:51:01","slug":"roofs","status":"publish","type":"page","link":"https:\/\/metamediatraining.com\/SafetySmartV2\/prevent-falls-training-other-resources\/roofs\/","title":{"rendered":"Roofs"},"content":{"rendered":"<p><strong><a href=\"https:\/\/metamediatraining.com\/SafetySmartV2\/wp-content\/uploads\/2013\/01\/roof-photo-from-focus-four.jpg\"><img decoding=\"async\" loading=\"lazy\" class=\"alignright size-full wp-image-1001\" title=\"roof photo from focus four\" src=\"https:\/\/metamediatraining.com\/SafetySmartV2\/wp-content\/uploads\/2013\/01\/roof-photo-from-focus-four.jpg\" alt=\"\" width=\"244\" height=\"199\" \/><\/a>Campaign Materials<\/strong><\/p>\n<ul>\n<li>OSHA Campaign Flyer &#8211; <a href=\"https:\/\/metamediatraining.com\/SafetySmartV2\/wp-content\/uploads\/2012\/03\/OSHA-Campaign-Flyer-English.pdf\" target=\"_blank\" rel=\"noopener noreferrer\">English<\/a>; <a href=\"https:\/\/metamediatraining.com\/SafetySmartV2\/wp-content\/uploads\/2012\/03\/OSHA-Campaign-Flyer-Espa\u00f1ol.pdf\" target=\"_blank\" rel=\"noopener noreferrer\">Espa\u00f1ol<\/a><\/li>\n<li>Fall Prevention Fact Sheet &#8211;<a href=\"https:\/\/metamediatraining.com\/SafetySmartV2\/wp-content\/uploads\/2012\/04\/Campaign-Fact-Sheet.pdf\" target=\"_blank\" rel=\"noopener noreferrer\"> English<\/a>; <a href=\"https:\/\/metamediatraining.com\/SafetySmartV2\/wp-content\/uploads\/2012\/07\/OSHA-Fact-Sheet-Spanish.pdf\" target=\"_blank\" rel=\"noopener noreferrer\">Espa\u00f1ol<\/a>; <a href=\"https:\/\/metamediatraining.com\/SafetySmartV2\/wp-content\/uploads\/2012\/07\/OSHA-Fact-Sheet-Polish.pdf\" target=\"_blank\" rel=\"noopener noreferrer\">Polish (Polski)<\/a>; <a href=\"https:\/\/metamediatraining.com\/SafetySmartV2\/wp-content\/uploads\/2012\/07\/OSHA-Fact-Sheet-Russian.pdf\" target=\"_blank\" rel=\"noopener noreferrer\">Russian (\u0440\u0443\u0441\u0441\u043a\u0438\u0439)<\/a><\/li>\n<\/ul>\n<p><strong>Toolbox Talks<\/strong><\/p>\n<ul>\n<li>CPWR Toolbox Talks &#8212;\u00a0Preventing Falls From Rooftops \u2013\u00a0<a href=\"https:\/\/www.cpwr.com\/wp-content\/uploads\/2020\/06\/41-Preventing-Falls-from-Rooftops-CPWR.pdf\" target=\"_blank\" rel=\"noopener\">English<\/a>;\u00a0<a href=\"https:\/\/www.cpwr.com\/wp-content\/uploads\/2020\/06\/41-prevencio%CC%81n-de-cai%CC%81das-desde-techos.pdf\" target=\"_blank\" rel=\"noopener\">Espa\u00f1ol<\/a><\/li>\n<li><a href=\"https:\/\/metamediatraining.com\/SafetySmartV2\/wp-content\/uploads\/2012\/03\/Focus-Four-Toolbox-Talks-Module-1-Roofs.pdf\" target=\"_blank\" rel=\"noopener noreferrer\">Focus Four Toolbox Talks\u00a0\u00a0\u2013 Falls Through Skylights and Holes<\/a><\/li>\n<li>National Association of Home Builders Roofing Safety Video Toolbox Talk &#8211; <a href=\"https:\/\/www.nahb.org\/advocacy\/industry-issues\/safety-and-health\/safety-365\/video-toolbox-talks\/video-pages\/roofing-safety\" target=\"_blank\" rel=\"noopener\">English &amp; Espa\u00f1ol<\/a><\/li>\n<\/ul>\n<p><strong>Handouts<\/strong><\/p>\n<ul>\n<li><a href=\"https:\/\/metamediatraining.com\/SafetySmartV2\/wp-content\/uploads\/2012\/09\/Rooftop-flier.pdf\" target=\"_blank\" rel=\"noopener noreferrer\">If You Work On A Roof&#8230;You Could Be In Great Danger<\/a> &#8211; a handout with illustrations for residential workers on how to work safely on roofs. <a href=\"https:\/\/metamediatraining.com\/SafetySmartV2\/wp-content\/uploads\/2012\/09\/Rooftop-flier.pdf\" target=\"_blank\" rel=\"noopener noreferrer\">English<\/a>; <a href=\"https:\/\/metamediatraining.com\/SafetySmartV2\/wp-content\/uploads\/2013\/06\/Rooftop-Flier-Spanish.pdf\" target=\"_blank\" rel=\"noopener noreferrer\">Espa\u00f1ol<\/a><\/li>\n<li><a href=\"https:\/\/metamediatraining.com\/SafetySmartV2\/wp-content\/uploads\/2013\/05\/Homeowner-Contractor-Awareness-Flyer.pdf\" target=\"_blank\" rel=\"noopener noreferrer\">Homeowners\u2019 Flyer<\/a> &#8211;\u00a0 a handout developed by campaign partners to educate homeowners of some questions they should ask prospective contractors when having work done on a roof. Also, the National Roofing Contractors Association, a founding partner of the campaign, has developed extensive information on selecting qualified and safety minded roofing contractors <a href=\"http:\/\/www.nrca.net\/consumer\/\" target=\"_blank\" rel=\"noopener noreferrer\">here<\/a>. <a href=\"https:\/\/metamediatraining.com\/SafetySmartV2\/wp-content\/uploads\/2013\/05\/Homeowner-Contractor-Awareness-Flyer.pdf\" target=\"_blank\" rel=\"noopener noreferrer\">English<\/a>; <a href=\"https:\/\/metamediatraining.com\/SafetySmartV2\/wp-content\/uploads\/2013\/06\/Homeowner-Contractor-Awareness-Flyer-Spanish.pdf\" target=\"_blank\" rel=\"noopener noreferrer\">Espa\u00f1ol<\/a><\/li>\n<li><a href=\"https:\/\/metamediatraining.com\/SafetySmartV2\/wp-content\/uploads\/2014\/02\/Homeowner-Brochure-MA.pdf\" target=\"_blank\" rel=\"noopener noreferrer\">Having Work Done On Your Roof? Ask Your Contractor to Play it Safe<\/a> &#8211; a handout to educate homeowners from MA FACE<\/li>\n<li><a href=\"https:\/\/www.cdc.gov\/niosh\/docs\/2019-128updated052019\/pdfs\/2019-128updated052019.pdf?id=10.26616\/NIOSHPUB2019128updated052019\" target=\"_blank\" rel=\"noopener\">Fact Sheet: Prevent Construction Falls from Roofs, Ladders, and Scaffolds<\/a>\u00a0&#8211; a NIOSH FACE program fact sheet<\/li>\n<li>OSHA Factsheets: Preventing Falls in Residential Construction\n<ul>\n<li>Installing Roof Trusses &#8211; <a href=\"https:\/\/www.osha.gov\/sites\/default\/files\/publications\/reducing-falls-installing-roof-trusses-factsheet.pdf\" target=\"_blank\" rel=\"noopener\">English<\/a>; <a href=\"https:\/\/www.osha.gov\/sites\/default\/files\/publications\/OSHA3574_sp.pdf\" target=\"_blank\" rel=\"noopener\">Espa\u00f1ol<\/a><\/li>\n<li>Installing Standing Seam Metal Roofs &#8211; <a href=\"https:\/\/www.osha.gov\/sites\/default\/files\/publications\/reducing-falls-installing-standing-seam-metal-roofs.pdf\" target=\"_blank\" rel=\"noopener\">English<\/a>; <a href=\"https:\/\/www.osha.gov\/sites\/default\/files\/publications\/OSHA3578_sp.pdf\" target=\"_blank\" rel=\"noopener\">Espa\u00f1ol\u00a0<\/a><\/li>\n<li>Installing Tile Roofs &#8211; <a href=\"https:\/\/www.osha.gov\/sites\/default\/files\/publications\/reducing-falls-installing-tile-roofs-factsheet.pdf\" target=\"_blank\" rel=\"noopener\">English<\/a>; <a href=\"https:\/\/www.osha.gov\/sites\/default\/files\/publications\/OSHA3575_sp.pdf\" target=\"_blank\" rel=\"noopener\">Espa\u00f1ol\u00a0<\/a><\/li>\n<li>Re-Roofing &#8211; <a href=\"https:\/\/www.osha.gov\/sites\/default\/files\/publications\/reducing-falls-during-residential-construction-re-roofing.pdf\" target=\"_blank\" rel=\"noopener\">English<\/a>; <a href=\"https:\/\/www.osha.gov\/sites\/default\/files\/publications\/OSHA3579_sp.pdf\" target=\"_blank\" rel=\"noopener\">Espa\u00f1ol\u00a0<\/a><\/li>\n<li>Roof Repair &#8211; <a href=\"https:\/\/www.osha.gov\/sites\/default\/files\/publications\/reducing-falls-roof-repair-factsheet.pdf\" target=\"_blank\" rel=\"noopener\">English<\/a>; <a href=\"https:\/\/www.osha.gov\/sites\/default\/files\/publications\/OSHA3576_sp.pdf\" target=\"_blank\" rel=\"noopener\">Espa\u00f1ol<\/a><\/li>\n<li>Roof Sheathing &#8211; <a href=\"https:\/\/www.osha.gov\/sites\/default\/files\/publications\/reducing-falls-during-residential-construction-roof-sheathing.pdf\" target=\"_blank\" rel=\"noopener\">English<\/a>; <a href=\"https:\/\/www.osha.gov\/sites\/default\/files\/publications\/OSHA3577_sp.pdf\" target=\"_blank\" rel=\"noopener\">Espa\u00f1ol\u00a0<\/a><\/li>\n<\/ul>\n<\/li>\n<\/ul>\n<p><strong>Spot The Hazard <\/strong><\/p>\n<ul>\n<li>Spot the Hazard is a new product available from the Campaign to Prevent Falls in Construction, to be used as a training activity. It is available in either handout form below or via <a href=\"https:\/\/metamediatraining.com\/SafetySmartV2\/wp-content\/uploads\/2013\/07\/Spot-the-Hazard-2013.ppt\" target=\"_blank\" rel=\"noopener noreferrer\">PowerPoint: <\/a>\n<ul>\n<li><a href=\"https:\/\/metamediatraining.com\/SafetySmartV2\/wp-content\/uploads\/2013\/07\/Spot-the-Hazard-roof-821-full-page.pdf\" target=\"_blank\" rel=\"noopener noreferrer\">Spot The Hazard\u00a0\u2013 Roofs 1<\/a><\/li>\n<li><a href=\"https:\/\/metamediatraining.com\/SafetySmartV2\/wp-content\/uploads\/2013\/07\/Spot-the-Hazard-roof-847-full-page.pdf\" target=\"_blank\" rel=\"noopener noreferrer\">Spot The Hazard\u00a0\u2013 Roofs 2<\/a><\/li>\n<li><a href=\"https:\/\/metamediatraining.com\/SafetySmartV2\/wp-content\/uploads\/2013\/07\/Spot-the-Hazard-roof-868-full-page.pdf\" target=\"_blank\" rel=\"noopener noreferrer\">Spot The Hazard\u00a0\u2013 Roofs 3<\/a><\/li>\n<li><a href=\"https:\/\/metamediatraining.com\/SafetySmartV2\/wp-content\/uploads\/2013\/07\/Spot-the-Hazard-roof-889-full-page.pdf\" target=\"_blank\" rel=\"noopener noreferrer\">Spot The Hazard\u00a0\u2013 Roofs 4<\/a><\/li>\n<\/ul>\n<\/li>\n<\/ul>\n<p><strong>Videos<\/strong><\/p>\n<ul>\n<li>Preventing Falls Through Skylights\u00a0 &#8211; <a href=\"http:\/\/www.youtube.com\/watch?v=I_8cymt7wlk&amp;feature=share&amp;list=PL43A44D61109073BC\" target=\"_blank\" rel=\"noopener noreferrer\">English<\/a>; <a href=\"http:\/\/www.youtube.com\/watch?v=wiD1KTCBNX0&amp;feature=share&amp;list=PL43A44D61109073BC\" target=\"_blank\" rel=\"noopener noreferrer\">Espa\u00f1ol<\/a> \u201cEverybody seems to think that we\u2019re invincible.\u00a0 At least I used to think that.\u201d So begins a digital story about Joe, a 45-year old roofing supervisor in California who died tragically after he fell through a warehouse roof skylight while on the job.\u00a0 He fell 30 feet onto a floor, and died from his injuries.\u00a0<a href=\"http:\/\/www.cdph.ca.gov\/face\" target=\"_blank\" rel=\"noopener noreferrer\">OHB&#8217;s California Fatality Assessment and Control Evaluation (CA\/FACE) <\/a>program produced a five-minute digital story with two of Joe\u2019s co-workers highlighting the events that led up to his death and what could have been done to prevent it.\u00a0 The moving video will be used by roofers and others in trainings to prevent similar fatalities from occurring<\/li>\n<li><a href=\"https:\/\/www.youtube.com\/watch?v=b2FTahjnDFY\" target=\"_blank\" rel=\"noopener noreferrer\">Safety Pays. Falls Costs.<\/a> Hear how the owner of this residential framing company designs safety into each of his job sites.<\/li>\n<li>\u00a0<a href=\"https:\/\/www.youtube.com\/watch?v=iavcnMkwQAs\" target=\"_blank\" rel=\"noopener noreferrer\">La seguridad paga, las ca\u00eddas cuestan (Espa\u00f1ol).<\/a> Hear from a roofer in the residential construction industry on the importance of using fall protection.<\/li>\n<li><a href=\"https:\/\/www.youtube.com\/watch?v=ImsAwmBSUd4\" target=\"_blank\" rel=\"noopener noreferrer\">La Salud no Tiene Precio. Construcci\u00f3n: Prot\u00e9jase en el Trabajo (Espa\u00f1ol).<\/a> Hear from a roofer in the residential construction industry on risks he faces daily on the job.<\/li>\n<li>OSHA Prevention V-Tools:\n<ul>\n<li>Reroofing \u2013\u00a0<a href=\"https:\/\/www.youtube.com\/watch?v=_2YFDJCXM74\" target=\"_blank\" rel=\"noopener\">English;<\/a>\u00a0<a href=\"https:\/\/www.youtube.com\/watch?v=50ftrd9rjfI\" target=\"_blank\" rel=\"noopener\">Espa\u00f1ol<\/a><\/li>\n<li>Floor Openings \u2013\u00a0<a href=\"https:\/\/www.youtube.com\/watch?v=UYMb1XZ83zQ\" target=\"_blank\" rel=\"noopener\">English<\/a>;\u00a0<a href=\"https:\/\/www.youtube.com\/watch?v=MybFvRDb0Tc\" target=\"_blank\" rel=\"noopener\">Espa\u00f1ol<\/a><\/li>\n<li>Skylights \u2013\u00a0<a href=\"https:\/\/www.youtube.com\/watch?v=T43u0i8bQ34\" target=\"_blank\" rel=\"noopener\">English<\/a>;\u00a0<a href=\"https:\/\/www.youtube.com\/watch?v=zo2qBqXS9Qs\" target=\"_blank\" rel=\"noopener\">Espa\u00f1ol\u00a0<\/a><\/li>\n<li>Leading Edge Work \u2013\u00a0<a href=\"https:\/\/www.youtube.com\/watch?v=kRUywsBpWY8\" target=\"_blank\" rel=\"noopener\">English<\/a>;\u00a0<a href=\"https:\/\/www.youtube.com\/watch?v=m88kSUNx-RQ\" target=\"_blank\" rel=\"noopener\">Espa\u00f1ol<\/a><\/li>\n<\/ul>\n<\/li>\n<\/ul>\n<p><strong>CPWR Construction Solutions<\/strong><\/p>\n<ul>\n<li><a href=\"http:\/\/cpwrconstructionsolutions.org\/roofing\/solution\/717\/personal-fall-arrest-systems.html\" target=\"_blank\" rel=\"noopener noreferrer\">Personal Fall Arrest Systems\u00a0<\/a><\/li>\n<li><a href=\"http:\/\/cpwrconstructionsolutions.org\/structural_steel\/solution\/743\/safety-nets.html\" target=\"_blank\" rel=\"noopener noreferrer\">Safety Nets\u00a0<\/a><\/li>\n<li><a href=\"http:\/\/cpwrconstructionsolutions.org\/roofing\/solution\/718\/guardrails.html\" target=\"_blank\" rel=\"noopener noreferrer\">Guardrails\u00a0<\/a><\/li>\n<li><a href=\"http:\/\/cpwrconstructionsolutions.org\/roofing\/solution\/742\/hole-covers.html\" target=\"_blank\" rel=\"noopener noreferrer\">Hole Covers<\/a><\/li>\n<\/ul>\n","protected":false},"excerpt":{"rendered":"<p>Campaign Materials OSHA Campaign Flyer &#8211; English; Espa\u00f1ol Fall Prevention Fact Sheet &#8211; English; Espa\u00f1ol; Polish (Polski); Russian (\u0440\u0443\u0441\u0441\u043a\u0438\u0439) Toolbox Talks CPWR Toolbox Talks &#8212;\u00a0Preventing Falls From Rooftops \u2013\u00a0English;\u00a0Espa\u00f1ol Focus Four Toolbox Talks\u00a0\u00a0\u2013 Falls Through Skylights and Holes National Association of Home Builders Roofing Safety Video Toolbox Talk &#8211; English &amp; Espa\u00f1ol Handouts If You [&hellip;]<\/p>\n","protected":false},"author":2,"featured_media":0,"parent":17,"menu_order":3,"comment_status":"closed","ping_status":"closed","template":"page-full.php","meta":[],"_links":{"self":[{"href":"https:\/\/metamediatraining.com\/SafetySmartV2\/wp-json\/wp\/v2\/pages\/976"}],"collection":[{"href":"https:\/\/metamediatraining.com\/SafetySmartV2\/wp-json\/wp\/v2\/pages"}],"about":[{"href":"https:\/\/metamediatraining.com\/SafetySmartV2\/wp-json\/wp\/v2\/types\/page"}],"author":[{"embeddable":true,"href":"https:\/\/metamediatraining.com\/SafetySmartV2\/wp-json\/wp\/v2\/users\/2"}],"replies":[{"embeddable":true,"href":"https:\/\/metamediatraining.com\/SafetySmartV2\/wp-json\/wp\/v2\/comments?post=976"}],"version-history":[{"count":38,"href":"https:\/\/metamediatraining.com\/SafetySmartV2\/wp-json\/wp\/v2\/pages\/976\/revisions"}],"predecessor-version":[{"id":5486,"href":"https:\/\/metamediatraining.com\/SafetySmartV2\/wp-json\/wp\/v2\/pages\/976\/revisions\/5486"}],"up":[{"embeddable":true,"href":"https:\/\/metamediatraining.com\/SafetySmartV2\/wp-json\/wp\/v2\/pages\/17"}],"wp:attachment":[{"href":"https:\/\/metamediatraining.com\/SafetySmartV2\/wp-json\/wp\/v2\/media?parent=976"}],"curies":[{"name":"wp","href":"https:\/\/api.w.org\/{rel}","templated":true}]}}