{"id":3878,"date":"2020-08-05T19:15:40","date_gmt":"2020-08-05T19:15:40","guid":{"rendered":"https:\/\/stopconstructionfalls.com\/?page_id=3878"},"modified":"2022-03-09T14:40:43","modified_gmt":"2022-03-09T14:40:43","slug":"paso-2-proporcionar","status":"publish","type":"page","link":"https:\/\/metamediatraining.com\/SafetySmartV2\/planificar-proporcionar-capacitar\/paso-2-proporcionar\/","title":{"rendered":"Paso 2: Proporcionar"},"content":{"rendered":"<p style=\"text-align: center;\"><strong><img decoding=\"async\" loading=\"lazy\" class=\"alignnone wp-image-3551 alignleft\" src=\"https:\/\/metamediatraining.com\/SafetySmartV2\/wp-content\/uploads\/2020\/01\/Picture2.png\" alt=\"\" width=\"87\" height=\"62\" \/><\/strong><img decoding=\"async\" loading=\"lazy\" class=\" wp-image-4249 alignleft\" src=\"https:\/\/metamediatraining.com\/SafetySmartV2\/wp-content\/uploads\/2020\/08\/Preventing-Falls-Logo-Spanish-1024x191.jpg\" alt=\"\" width=\"410\" height=\"76\" srcset=\"https:\/\/metamediatraining.com\/SafetySmartV2\/wp-content\/uploads\/2020\/08\/Preventing-Falls-Logo-Spanish-1024x191.jpg 1024w, https:\/\/metamediatraining.com\/SafetySmartV2\/wp-content\/uploads\/2020\/08\/Preventing-Falls-Logo-Spanish-300x56.jpg 300w, https:\/\/metamediatraining.com\/SafetySmartV2\/wp-content\/uploads\/2020\/08\/Preventing-Falls-Logo-Spanish-768x143.jpg 768w, https:\/\/metamediatraining.com\/SafetySmartV2\/wp-content\/uploads\/2020\/08\/Preventing-Falls-Logo-Spanish-220x41.jpg 220w, https:\/\/metamediatraining.com\/SafetySmartV2\/wp-content\/uploads\/2020\/08\/Preventing-Falls-Logo-Spanish-187x35.jpg 187w, https:\/\/metamediatraining.com\/SafetySmartV2\/wp-content\/uploads\/2020\/08\/Preventing-Falls-Logo-Spanish-453x85.jpg 453w\" sizes=\"(max-width: 410px) 100vw, 410px\" \/><\/p>\n<p style=\"text-align: center;\">\r\n\t\t\t<div class='et-tabs-container et_sliderfx_slide et_sliderauto_false et_sliderauto_speed_5000 et_slidertype_top_tabs'>\r\n\t\t\t\t<ul class='et-tabs-control'>\r\n\t\t\t<li><a href='#'>\r\n\t\t\t\r\n\t\t<\/a><\/li>\r\n\t\t<\/ul> <!-- .et-tabs-control --> \r\n\t\t<div class='et-tabs-content'>\r\n\t\t\t<div class='et-tabs-content-main-wrap'>\r\n\t\t\t\t<div class='et-tabs-content-wrapper'>\r\n\t\t\t\t\t<div class='et_slidecontent'>\r\n\t\t\t<span style=\"color: #000000;\"><strong><a style=\"color: #000000;\" href=\"https:\/\/metamediatraining.com\/SafetySmartV2\/planificar-proporcionar-capacitar\/\"><b>P\u00e1gina de inicio<\/b><\/a>\u00a0 \u00a0 \u00a0\u00a0<a style=\"color: #000000;\" href=\"https:\/\/metamediatraining.com\/SafetySmartV2\/planificar-proporcionar-capacitar\/paso-1-planificar\/\">Planificar<\/a>\u00a0 \u00a0 \u00a0<a style=\"color: #000000;\" href=\"https:\/\/metamediatraining.com\/SafetySmartV2\/planificar-proporcionar-capacitar\/paso-2-proporcionar\/\">Proporcionar<\/a>\u00a0 \u00a0 \u00a0<a style=\"color: #000000;\" href=\"https:\/\/metamediatraining.com\/SafetySmartV2\/planificar-proporcionar-capacitar\/paro-3-capacitar\/\">Capacitar<\/a><\/strong><\/span>\u00a0 \u00a0 \u00a0<a style=\"color: #000000;\" href=\"https:\/\/metamediatraining.com\/SafetySmartV2\/plan-provide-train\/\"><strong>English<\/strong><\/a>\u00a0 \u00a0\r\n\t\t<\/div>\r\n\t\t\t\t<\/div>\r\n\t\t\t<\/div>\r\n\t\t<\/div>\r\n\t\t\t<\/div> <!-- .et-tabs-container --><\/p>\n<h1><span style=\"color: #000000;\">Paso 2: Proporcionar<\/span><\/h1>\n<p>&nbsp;<\/p>\n<h3><span style=\"color: #333333;\">Debe proporcionar a sus empleados con las herramientas y equipos adecuados en el trabajo para evitar una ca\u00edda.<\/span><\/h3>\n<p>&nbsp;<\/p>\n<p><img decoding=\"async\" loading=\"lazy\" class=\"alignnone wp-image-3912\" src=\"https:\/\/metamediatraining.com\/SafetySmartV2\/wp-content\/uploads\/2020\/08\/house-infographic-edits-still-outstanding-Spanish-1024x614.jpg\" alt=\"\" width=\"817\" height=\"490\" srcset=\"https:\/\/metamediatraining.com\/SafetySmartV2\/wp-content\/uploads\/2020\/08\/house-infographic-edits-still-outstanding-Spanish-1024x614.jpg 1024w, https:\/\/metamediatraining.com\/SafetySmartV2\/wp-content\/uploads\/2020\/08\/house-infographic-edits-still-outstanding-Spanish-300x180.jpg 300w, https:\/\/metamediatraining.com\/SafetySmartV2\/wp-content\/uploads\/2020\/08\/house-infographic-edits-still-outstanding-Spanish-768x460.jpg 768w, https:\/\/metamediatraining.com\/SafetySmartV2\/wp-content\/uploads\/2020\/08\/house-infographic-edits-still-outstanding-Spanish-220x132.jpg 220w, https:\/\/metamediatraining.com\/SafetySmartV2\/wp-content\/uploads\/2020\/08\/house-infographic-edits-still-outstanding-Spanish-187x112.jpg 187w, https:\/\/metamediatraining.com\/SafetySmartV2\/wp-content\/uploads\/2020\/08\/house-infographic-edits-still-outstanding-Spanish-453x272.jpg 453w\" sizes=\"(max-width: 817px) 100vw, 817px\" \/><\/p>\n<p><span style=\"color: #000000;\">Obtenga m\u00e1s informaci\u00f3n sobre los tipos de equipos de protecci\u00f3n contra ca\u00eddas en:<\/span><\/p>\n<p><span style=\"color: #000000;\">StopConstructionFalls.com:<\/span><\/p>\n<p style=\"padding-left: 60px;\"><strong><span style=\"color: #3366ff;\"><a style=\"color: #3366ff;\" href=\"https:\/\/metamediatraining.com\/SafetySmartV2\/prevent-falls-training-other-resources\/ladders\/\" target=\"_blank\" rel=\"noopener\">&#8211; Escaleras<\/a><\/span><\/strong><\/p>\n<p style=\"padding-left: 60px;\"><strong><span style=\"color: #3366ff;\"><a style=\"color: #3366ff;\" href=\"https:\/\/metamediatraining.com\/SafetySmartV2\/prevent-falls-training-other-resources\/roofs\/\" target=\"_blank\" rel=\"noopener\">&#8211; Techos<\/a><\/span><\/strong><\/p>\n<p style=\"padding-left: 60px;\"><strong><span style=\"color: #3366ff;\"><a style=\"color: #3366ff;\" href=\"https:\/\/metamediatraining.com\/SafetySmartV2\/prevent-falls-training-other-resources\/scaffolds\/\" target=\"_blank\" rel=\"noopener\">&#8211; Andamios<\/a><\/span><\/strong><\/p>\n<p><strong><span style=\"color: #3366ff;\"><a style=\"color: #3366ff;\" href=\"https:\/\/www.osha.gov\/etools\/construction\/falls\" target=\"_blank\" rel=\"noopener\">Recursos de protecci\u00f3n contra ca\u00eddas de la Administraci\u00f3n de seguridad y salud ocupacional (Occupational Safety and Health Administration, OSHA) <\/a><\/span><\/strong><\/p>\n<p><strong><span style=\"color: #3366ff;\"><a style=\"color: #3366ff;\" href=\"http:\/\/cpwrconstructionsolutions.org\/structural_steel\/solution\/757\/personal-fall-restraint-systems.html\" target=\"_blank\" rel=\"noopener\">Soluciones de construcci\u00f3n del Centro de Investigaci\u00f3n y Capacitaci\u00f3n en Construcci\u00f3n (Center for Construction Research and Training, CPWR) (Solo en ingl\u00e9s)<\/a><\/span><\/strong><\/p>\n","protected":false},"excerpt":{"rendered":"<p>Paso 2: Proporcionar &nbsp; Debe proporcionar a sus empleados con las herramientas y equipos adecuados en el trabajo para evitar una ca\u00edda. &nbsp; Obtenga m\u00e1s informaci\u00f3n sobre los tipos de equipos de protecci\u00f3n contra ca\u00eddas en: StopConstructionFalls.com: &#8211; Escaleras &#8211; Techos &#8211; Andamios Recursos de protecci\u00f3n contra ca\u00eddas de la Administraci\u00f3n de seguridad y salud [&hellip;]<\/p>\n","protected":false},"author":6,"featured_media":0,"parent":3817,"menu_order":0,"comment_status":"closed","ping_status":"closed","template":"page-full.php","meta":[],"_links":{"self":[{"href":"https:\/\/metamediatraining.com\/SafetySmartV2\/wp-json\/wp\/v2\/pages\/3878"}],"collection":[{"href":"https:\/\/metamediatraining.com\/SafetySmartV2\/wp-json\/wp\/v2\/pages"}],"about":[{"href":"https:\/\/metamediatraining.com\/SafetySmartV2\/wp-json\/wp\/v2\/types\/page"}],"author":[{"embeddable":true,"href":"https:\/\/metamediatraining.com\/SafetySmartV2\/wp-json\/wp\/v2\/users\/6"}],"replies":[{"embeddable":true,"href":"https:\/\/metamediatraining.com\/SafetySmartV2\/wp-json\/wp\/v2\/comments?post=3878"}],"version-history":[{"count":21,"href":"https:\/\/metamediatraining.com\/SafetySmartV2\/wp-json\/wp\/v2\/pages\/3878\/revisions"}],"predecessor-version":[{"id":4929,"href":"https:\/\/metamediatraining.com\/SafetySmartV2\/wp-json\/wp\/v2\/pages\/3878\/revisions\/4929"}],"up":[{"embeddable":true,"href":"https:\/\/metamediatraining.com\/SafetySmartV2\/wp-json\/wp\/v2\/pages\/3817"}],"wp:attachment":[{"href":"https:\/\/metamediatraining.com\/SafetySmartV2\/wp-json\/wp\/v2\/media?parent=3878"}],"curies":[{"name":"wp","href":"https:\/\/api.w.org\/{rel}","templated":true}]}}