{"id":2745,"date":"2017-04-05T16:51:31","date_gmt":"2017-04-05T16:51:31","guid":{"rendered":"http:\/\/stopconstructionfalls.com\/?page_id=2745"},"modified":"2023-09-27T19:35:13","modified_gmt":"2023-09-27T19:35:13","slug":"toolbox-talks","status":"publish","type":"page","link":"https:\/\/metamediatraining.com\/SafetySmartV2\/prevent-falls-training-other-resources\/toolbox-talks\/","title":{"rendered":"Toolbox Talks"},"content":{"rendered":"<p><strong><img decoding=\"async\" loading=\"lazy\" class=\"size-medium wp-image-4085 alignright\" src=\"https:\/\/metamediatraining.com\/SafetySmartV2\/wp-content\/uploads\/2020\/08\/42-prevencio\u0301n-de-cai\u0301das-desde-andamios-232x300.jpg\" alt=\"\" width=\"232\" height=\"300\" srcset=\"https:\/\/metamediatraining.com\/SafetySmartV2\/wp-content\/uploads\/2020\/08\/42-prevencio\u0301n-de-cai\u0301das-desde-andamios-232x300.jpg 232w, https:\/\/metamediatraining.com\/SafetySmartV2\/wp-content\/uploads\/2020\/08\/42-prevencio\u0301n-de-cai\u0301das-desde-andamios-768x994.jpg 768w, https:\/\/metamediatraining.com\/SafetySmartV2\/wp-content\/uploads\/2020\/08\/42-prevencio\u0301n-de-cai\u0301das-desde-andamios-791x1024.jpg 791w, https:\/\/metamediatraining.com\/SafetySmartV2\/wp-content\/uploads\/2020\/08\/42-prevencio\u0301n-de-cai\u0301das-desde-andamios-220x285.jpg 220w, https:\/\/metamediatraining.com\/SafetySmartV2\/wp-content\/uploads\/2020\/08\/42-prevencio\u0301n-de-cai\u0301das-desde-andamios-187x242.jpg 187w, https:\/\/metamediatraining.com\/SafetySmartV2\/wp-content\/uploads\/2020\/08\/42-prevencio\u0301n-de-cai\u0301das-desde-andamios-453x586.jpg 453w\" sizes=\"(max-width: 232px) 100vw, 232px\" \/>CPWR Toolbox Talks\/Charlas Informativas<\/strong><\/p>\n<ul>\n<li>Walking\/Working Surfaces &#8211; <a href=\"https:\/\/www.cpwr.com\/wp-content\/uploads\/Walking-Working-Surfaces-TBT.pdf\" target=\"_blank\" rel=\"noopener\">English<\/a>, <a href=\"https:\/\/www.cpwr.com\/wp-content\/uploads\/TT-ES-Walking_Working_Surfaces.pdf\" target=\"_blank\" rel=\"noopener\">Spanish<\/a><\/li>\n<li>Aerial Lift Safety &#8211; <a href=\"https:\/\/www.cpwr.com\/wp-content\/uploads\/2013\/12\/Aerial-Lift-Safety-TBT_0.pdf\" target=\"_blank\" rel=\"noopener\">English<\/a>, \u00a0<a href=\"https:\/\/www.cpwr.com\/wp-content\/uploads\/2013\/12\/1-Jirafas.pdf\" target=\"_blank\" rel=\"noopener\">Espa\u00f1ol<\/a><\/li>\n<li>Preventing Falls from Rooftops &#8211; <a href=\"https:\/\/www.cpwr.com\/wp-content\/uploads\/2020\/06\/41-Preventing-Falls-from-Rooftops-CPWR.pdf\" target=\"_blank\" rel=\"noopener\">English<\/a>, <a href=\"https:\/\/www.cpwr.com\/wp-content\/uploads\/2020\/06\/41-prevencio%CC%81n-de-cai%CC%81das-desde-techos.pdf\" target=\"_blank\" rel=\"noopener\">Espa\u00f1ol<\/a><\/li>\n<li>Preventing Falls from Scaffolding &#8211; <a href=\"https:\/\/www.cpwr.com\/wp-content\/uploads\/publications\/42-Preventing-Falls-from-Scaffolding-CPWR_0.pdf\" target=\"_blank\" rel=\"noopener\">English<\/a>, <a href=\"https:\/\/www.cpwr.com\/wp-content\/uploads\/2013\/10\/42-prevencio%CC%81n-de-cai%CC%81das-desde-andamios.pdf\" target=\"_blank\" rel=\"noopener\">Espa\u00f1ol\u00a0<\/a><\/li>\n<li>Falls: Extension Ladders &#8211; <a href=\"https:\/\/www.cpwr.com\/wp-content\/uploads\/publications\/CPWR_Falls_Extension_Ladders_1.pdf\" target=\"_blank\" rel=\"noopener\">English<\/a>, <a href=\"https:\/\/www.cpwr.com\/wp-content\/uploads\/2013\/10\/25-cai%CC%81das-escaleras-extensibles-QRcode.pdf\" target=\"_blank\" rel=\"noopener\">Espa\u00f1ol<\/a><\/li>\n<li>Falls: Step Ladders &#8211; <a href=\"https:\/\/www.cpwr.com\/wp-content\/uploads\/publications\/CPWR_Step_Ladders_0.pdf\" target=\"_blank\" rel=\"noopener\">English<\/a>, <a href=\"https:\/\/www.cpwr.com\/wp-content\/uploads\/publications\/47-escaleras-de-tijeras.pdf\" target=\"_blank\" rel=\"noopener\">Espa\u00f1ol\u00a0<\/a><\/li>\n<li>Guardrails: General Fall Protection and Awareness &#8211; <a href=\"https:\/\/www.cpwr.com\/wp-content\/uploads\/publications\/CPWR_Falls_General_ProtectionAwareness_0.pdf\" target=\"_blank\" rel=\"noopener\">English<\/a>, <a href=\"https:\/\/www.cpwr.com\/wp-content\/uploads\/publications\/26-ca%C2%A1das-protecci%C2%A6n-general-y-concientizaci%C2%A6n.pdf\" target=\"_blank\" rel=\"noopener\">Espa\u00f1ol<\/a><\/li>\n<li>Equipment: Getting On and Off &#8211; <a href=\"https:\/\/www.cpwr.com\/wp-content\/uploads\/publications\/CPWR_Equipment_Getting_OnOff_1.pdf\" target=\"_blank\" rel=\"noopener\">English<\/a>, <a href=\"https:\/\/www.cpwr.com\/wp-content\/uploads\/publications\/19-maquinarias-c%C2%A6mo-subirse-y-bajarse.pdf\" target=\"_blank\" rel=\"noopener\">Espa\u00f1ol\u00a0<\/a><\/li>\n<li>Falls from Heavy Equipment &#8211; <a href=\"https:\/\/www.cpwr.com\/wp-content\/uploads\/publications\/CPWR_Falls_Moving_Equipment_Revised_Aug2015.pdf\" target=\"_blank\" rel=\"noopener\">English<\/a>, <a href=\"https:\/\/www.cpwr.com\/wp-content\/uploads\/publications\/21-ca%C2%A1das-desde-veh%C2%A1culos-en-movimiento.pdf\" target=\"_blank\" rel=\"noopener\">Espa\u00f1ol<\/a><\/li>\n<li>Preventing Falls Through Holes &#8211; <a href=\"https:\/\/www.cpwr.com\/wp-content\/uploads\/2018\/07\/21-Preventing-Falls-Through-Holes-CPWR.pdf\" target=\"_blank\" rel=\"noopener\">English<\/a>, <a href=\"https:\/\/www.cpwr.com\/wp-content\/uploads\/2018\/07\/21-cai%CC%81das-por-agujeros-y-aberturas.pdf\" target=\"_blank\" rel=\"noopener\">Espa\u00f1ol<\/a><\/li>\n<li>Housekeeping &#8211; <a href=\"https:\/\/www.cpwr.com\/wp-content\/uploads\/publications\/CPWR_Housekeeping_0.pdf\" target=\"_blank\" rel=\"noopener\">English<\/a>, <a href=\"https:\/\/www.cpwr.com\/wp-content\/uploads\/publications\/34-mantenimiento.pdf\" target=\"_blank\" rel=\"noopener\">Espa\u00f1ol<\/a><\/li>\n<li>Head Protection &#8211; <a href=\"https:\/\/www.cpwr.com\/wp-content\/uploads\/publications\/CPWR_Head_Protection_1.pdf\" target=\"_blank\" rel=\"noopener\">English<\/a>, <a href=\"https:\/\/www.cpwr.com\/wp-content\/uploads\/publications\/30-protecci%C2%A6n-de-la-cabeza.pdf\" target=\"_blank\" rel=\"noopener\">Espa\u00f1ol<\/a><\/li>\n<\/ul>\n<p><strong>Focus Four Toolbox Talks<\/strong><\/p>\n<ul>\n<li><a href=\"https:\/\/metamediatraining.com\/SafetySmartV2\/wp-content\/uploads\/2012\/03\/Focus-Four-Toolbox-Talks-Module-1-Roofs.pdf\" target=\"_blank\" rel=\"noopener noreferrer\">Falls Through Skylights and Holes<\/a><\/li>\n<li><a href=\"https:\/\/metamediatraining.com\/SafetySmartV2\/wp-content\/uploads\/2012\/03\/Focus-Four-Toolbox-Talks-Module-1-Scaffolding.pdf\" target=\"_blank\" rel=\"noopener noreferrer\">Falls From Scaffolding<\/a><\/li>\n<li><a href=\"https:\/\/metamediatraining.com\/SafetySmartV2\/wp-content\/uploads\/2012\/03\/Focus-Four-Toolbox-Talks-Module-1-Ladders.pdf\" target=\"_blank\" rel=\"noopener noreferrer\">Falls from Ladders<\/a><\/li>\n<\/ul>\n<p><strong>Other Toolbox Talks<\/strong><\/p>\n<ul>\n<li>Video Toolbox Talks from the National Association of Home Builders (English and Spanish)\n<ul>\n<li><a href=\"https:\/\/www.nahb.org\/advocacy\/industry-issues\/safety-and-health\/safety-365\/video-toolbox-talks\/video-pages\/ladder-safety\" target=\"_blank\" rel=\"noopener\">Ladder Safety<\/a><\/li>\n<li><a href=\"https:\/\/www.nahb.org\/advocacy\/industry-issues\/safety-and-health\/safety-365\/video-toolbox-talks\/video-pages\/fall-protection\" target=\"_blank\" rel=\"noopener\">Fall Protection<\/a><\/li>\n<li><a href=\"https:\/\/www.nahb.org\/advocacy\/industry-issues\/safety-and-health\/safety-365\/video-toolbox-talks\/video-pages\/roofing-safety\" target=\"_blank\" rel=\"noopener\">Roofing Safety<\/a><\/li>\n<li><a href=\"https:\/\/www.nahb.org\/advocacy\/industry-issues\/safety-and-health\/safety-365\/video-toolbox-talks\/video-pages\/scaffolding-safety\" target=\"_blank\" rel=\"noopener\">Scaffolding Safety<\/a><\/li>\n<li><a href=\"https:\/\/www.nahb.org\/advocacy\/industry-issues\/safety-and-health\/safety-365\/video-toolbox-talks\/video-pages\/guardrail-safety\" target=\"_blank\" rel=\"noopener\">Guardrail Safety<\/a><\/li>\n<\/ul>\n<\/li>\n<li><a href=\"https:\/\/metamediatraining.com\/SafetySmartV2\/wp-content\/uploads\/2012\/05\/Scaffolds-Training-Guide.pdf\" target=\"_blank\" rel=\"noopener noreferrer\">Scaffold Training Guide<\/a>\u00a0and <a href=\"https:\/\/metamediatraining.com\/SafetySmartV2\/wp-content\/uploads\/2012\/05\/Scaffolds-Checklist.pdf\" target=\"_blank\" rel=\"noopener noreferrer\">Scaffold\u00a0Checklist<\/a> (From ACGIH<em>\u00ae<\/em>, <em>Tailgate Meetings That Work!<\/em>. Copyright 1997. Reprinted with permission.)<\/li>\n<li><a href=\"https:\/\/metamediatraining.com\/SafetySmartV2\/wp-content\/uploads\/2012\/05\/Portable-Ladders-Training-Guide.pdf\" target=\"_blank\" rel=\"noopener noreferrer\">Portable Ladder Training Guide<\/a>\u00a0and <a href=\"https:\/\/metamediatraining.com\/SafetySmartV2\/wp-content\/uploads\/2012\/05\/Portable-Ladders-Checklist.pdf\" target=\"_blank\" rel=\"noopener noreferrer\">Portable Ladder\u00a0Checklist<\/a> (From ACGIH<em>\u00ae<\/em>, <em>Tailgate Meetings That Work!<\/em>. Copyright 1997. Reprinted with permission.)<\/li>\n<li>OR FACE Toolbox Talk Guide: <a href=\"https:\/\/metamediatraining.com\/SafetySmartV2\/wp-content\/uploads\/2016\/05\/Worker-Falls-When-Ladder-Slips.pdf\" target=\"_blank\" rel=\"noopener\">Worker Falls When Ladder Slips<\/a><\/li>\n<li>OR FACE Toolbox Talk Guide: <a href=\"https:\/\/metamediatraining.com\/SafetySmartV2\/wp-content\/uploads\/2016\/05\/Collapsed-Roof-Trusses-Kill-Carpenter-Foreman.pdf\" target=\"_blank\" rel=\"noopener\">Collapsed Roof Trusses Kill Carpenter Foreman<\/a><\/li>\n<li>A Checklist to Prevent Falls in Construction &#8211; <a href=\"https:\/\/metamediatraining.com\/SafetySmartV2\/wp-content\/uploads\/2013\/03\/Fall_prevention_checklist.pdf\" target=\"_blank\" rel=\"noopener\">English<\/a>, <a href=\"https:\/\/metamediatraining.com\/SafetySmartV2\/wp-content\/uploads\/2013\/06\/Fall-Prevention-Checklist-Spanish.pdf\" target=\"_blank\" rel=\"noopener\">Espa\u00f1ol\u00a0<\/a><\/li>\n<\/ul>\n","protected":false},"excerpt":{"rendered":"<p>CPWR Toolbox Talks\/Charlas Informativas Walking\/Working Surfaces &#8211; English, Spanish Aerial Lift Safety &#8211; English, \u00a0Espa\u00f1ol Preventing Falls from Rooftops &#8211; English, Espa\u00f1ol Preventing Falls from Scaffolding &#8211; English, Espa\u00f1ol\u00a0 Falls: Extension Ladders &#8211; English, Espa\u00f1ol Falls: Step Ladders &#8211; English, Espa\u00f1ol\u00a0 Guardrails: General Fall Protection and Awareness &#8211; English, Espa\u00f1ol Equipment: Getting On and Off [&hellip;]<\/p>\n","protected":false},"author":2,"featured_media":0,"parent":17,"menu_order":0,"comment_status":"closed","ping_status":"closed","template":"page-full.php","meta":[],"_links":{"self":[{"href":"https:\/\/metamediatraining.com\/SafetySmartV2\/wp-json\/wp\/v2\/pages\/2745"}],"collection":[{"href":"https:\/\/metamediatraining.com\/SafetySmartV2\/wp-json\/wp\/v2\/pages"}],"about":[{"href":"https:\/\/metamediatraining.com\/SafetySmartV2\/wp-json\/wp\/v2\/types\/page"}],"author":[{"embeddable":true,"href":"https:\/\/metamediatraining.com\/SafetySmartV2\/wp-json\/wp\/v2\/users\/2"}],"replies":[{"embeddable":true,"href":"https:\/\/metamediatraining.com\/SafetySmartV2\/wp-json\/wp\/v2\/comments?post=2745"}],"version-history":[{"count":25,"href":"https:\/\/metamediatraining.com\/SafetySmartV2\/wp-json\/wp\/v2\/pages\/2745\/revisions"}],"predecessor-version":[{"id":5828,"href":"https:\/\/metamediatraining.com\/SafetySmartV2\/wp-json\/wp\/v2\/pages\/2745\/revisions\/5828"}],"up":[{"embeddable":true,"href":"https:\/\/metamediatraining.com\/SafetySmartV2\/wp-json\/wp\/v2\/pages\/17"}],"wp:attachment":[{"href":"https:\/\/metamediatraining.com\/SafetySmartV2\/wp-json\/wp\/v2\/media?parent=2745"}],"curies":[{"name":"wp","href":"https:\/\/api.w.org\/{rel}","templated":true}]}}